0?
-4430604612
In base 6, what is -141131510 - -1?
-141131505
In base 3, what is 1121010120 + -1120?
1121002000
In base 11, what is 5 - -a5a2931?
a5a2936
In base 7, what is 5 - 112630054?
-112630046
In base 7, what is 162651 - -1206?
164160
In base 14, what is -a158b + 1?
-a158a
In base 13, what is -5865522 + -3?
-5865525
In base 14, what is 2a1 - -41c6?
4487
In base 14, what is -b7857 + bc?
-b7779
In base 14, what is 165d4 + 57a?
16b70
In base 7, what is 1055005325 + -1?
1055005324
In base 7, what is -35210326 - 0?
-35210326
In base 7, what is 24632546 - -6?
24632555
In base 9, what is -650345 + -27?
-650373
In base 12, what is 99949 - -61?
999aa
In base 16, what is 8a + 599f4?
59a7e
In base 15, what is -3 - 2733b72?
-2733b75
In base 3, what is -100 + -11120112022222?
-11120112100022
In base 11, what is 6356075 + -8?
6356068
In base 4, what is -3130111 + 22300?
-3101211
In base 13, what is 20750a2 - -2?
20750a4
In base 10, what is -321 - -585913?
585592
In base 11, what is -15 + 14a5a6?
14a591
In base 2, what is -10010100110010 - 11110111100?
-10110011101110
In base 5, what is 41321122 - 14?
41321103
In base 9, what is -76 + -14403324?
-14403411
In base 16, what is d3a717 - 3?
d3a714
In base 14, what is -2 - -18473894?
18473892
In base 13, what is 164 - -8371?
8505
In base 11, what is -132 + -3866a?
-387a1
In base 14, what is -777b263 - -2?
-777b261
In base 6, what is 15403552 + 533?
15404525
In base 13, what is 1 + -1910c1c?
-1910c1b
In base 2, what is -1000101 + 10011010011100?
10011001010111
In base 16, what is 1451149 - -1?
145114a
In base 16, what is -17f + -1363?
-14e2
In base 12, what is -8 + 104270?
104264
In base 3, what is -102 + 11220011011012?
11220011010210
In base 5, what is 231031033104 + -10?
231031033044
In base 10, what is -1774974 - 20?
-1774994
In base 11, what is -14746562 - 4?
-14746566
In base 5, what is 223214 + 313011?
1041230
In base 13, what is 32331c - -8?
323327
In base 8, what is 256 + -77167?
-76711
In base 14, what is 14a + 6502?
664c
In base 8, what is 3650607 - 60?
3650527
In base 8, what is 1322 - 72465?
-71143
In base 7, what is -1666045 - -152?
-1665563
In base 11, what is -5 + -22040213?
-22040218
In base 13, what is -231c31 + 81?
-231b80
In base 7, what is 1 - 13235062?
-13235061
In base 12, what is -15ab774 - -25?
-15ab74b
In base 14, what is 99b - b5105?
-b4548
In base 14, what is 25603 + -647?
24d9a
In base 4, what is 1231113 + 3001?
1300120
In base 10, what is -3 + 2460624?
2460621
In base 8, what is 650322 + 74?
650416
In base 13, what is -17b + 12c73?
12ac5
In base 15, what is 1de1 - 2022?
-131
In base 6, what is 5330221050 + -40?
5330221010
In base 9, what is 235760 + 474?
236344
In base 7, what is -61310534 - 241?
-61311105
In base 14, what is -4 + -9ab8b?
-9ab91
In base 10, what is -3 + 31638327?
31638324
In base 15, what is be93 + 1d1?
c174
In base 3, what is -1 - 1211011200210200?
-1211011200210201
In base 13, what is -a7402b - -5?
-a74026
In base 13, what is 1 - -12ba49b?
12ba49c
In base 11, what is -1229 - 4347?
-5575
In base 9, what is 507276746 + -4?
507276742
In base 15, what is -1b072 - -2?
-1b070
In base 11, what is 2673a - -59?
26798
In base 5, what is 343211010 - -321?
343211331
In base 8, what is -440 + -4623112?
-4623552
In base 5, what is -112330200242 - -2?
-112330200240
In base 8, what is 22617 - 1321?
21276
In base 7, what is 14403666 + 26?
14404025
In base 5, what is 142301 + 12424?
210230
In base 10, what is -2044464 - -6?
-2044458
In base 14, what is -1da + -4412?
-460c
In base 9, what is 121530 + 57?
121587
In base 9, what is -244706 + -24?
-244731
In base 15, what is 80 + 1be45c?
1be4dc
In base 7, what is 25 - 4101266?
-4101241
In base 14, what is -154 - -21c0?
206a
In base 5, what is 4 - -1112342032?
1112342041
In base 13, what is 26 - b382b?
-b3805
In base 11, what is -927a1 - -24a1?
-90300
In base 5, what is -32304 - 34143343?
-34231202
In base 16, what is 7b7 + 10cac?
11463
In base 5, what is -130 + -22320041?
-22320221
In base 4, what is 22 - 12131002?
-12130320
In base 15, what is 37 + -38aa3c?
-38aa05
In base 8, what is -62167357 - 4?
-62167363
In base 12, what is -5 - 5413578b?
-54135794
In base 14, what is -163c + -5d37?
-7575
In base 11, what is -2459 + 4001?
1653
In base 11, what is -6639a + 33a?
-66060
In base 16, what is -1f9a6c + -24?
-1f9a90
In base 16, what is -55d + 559d8?
5547b
In base 3, what is 111012212 + -2001022?
102011120
In base 8, what is -4 - 1107131?
-1107135
In base 3, what is 110112121101 - 202?
110112120122
In base 12, what is -504a - 92b0?
-1233a
In base 16, what is -16a4 + -5bcc?
-7270
In base 10, what is 758 + 23289?
24047
In base 11, what is 7 + a436089?
a436095
In base 15, what is -2a - 34ebc?
-34ee7
In base 9, what is -158 + -168558?
-168727
In base 14, what is -25a + -50c?
-768
In base 9, what is -81048 + -4621?
-85670
In base 11, what is -21 - 2884a?
-28870
In base 9, what is -1258801 + -15?
-1258816
In base 10, what is 524 - -69973?
70497
In base 4, what is -11 + -30030232001013?
-30030232001030
In base 6, what is -115 - -3515125?
3515010
In base 3, what is 11 - -2221220121220?
2221220122001
In base 5, what is 132 + 210114331?
210120013
In base 3, what is -2220210101 - -12212002?
-2200221022
In base 3, what is 10 + 200200100221210?
200200100221220
In base 13, what is -169ac1 - -17?
-169aa7
In base 14, what is -17bd74d3 + 4?
-17bd74cd
In base 15, what is -5 - -1918e?
19189
In base 4, what is -132000 + -20210020?
-21002020
In base 10, what is 96119 - 94?
96025
In base 16, what is -44d - 5d540?
-5d98d
In base 16, what is -3 + -6ef6be?
-6ef6c1
In base 2, what is -10010110111110000111010 + -100?
-10010110111110000111110
In base 3, what is -12 + -120212110100022?
-120212110100111
In base 15, what is -c6e3c - -5?
-c6e37
In base 10, what is -96381 + -405?
-96786
In base 4, what is 303 + 200221133212?
200221200121
In base 16, what is -c76b37 - 6?
-c76b3d
In base 14, what is -a3 + 4c3b?
4b78
In base 7, what is 15003 + -16636?
-1633
In base 13, what is 6 - -776b75?
776b7b
In base 4, what is -13202 + -3313121?
-3332323
In base 10, what is 8 - -3135184?
3135192
In base 14, what is -a7b4a5 - 5?
-a7b4aa
In base 11, what is 163319 + -1160?
162169
In base 11, what is 444a052 - 1?
444a051
In base 15, what is 53 - -2e46e?
2e4c2
In base 6, what is -332 - 4552011?
-4552343
In base 10, what is 39 + -184256?
-184217
In base 4, what is -3 + -130120310212?
-130120310221
In base 7, what is 14330511056 - 1?
14330511055
In base 4, what is 1301211131 + 10021?
1301221212
In base 7, what is 1202516 + -36?
1202450
In base 8, what is 3 - 2367701737?
-2367701734
In base 10, what is -6 - 5283353?
-5283359
In base 2, what is -1000011101011101 + -1010000001?
-1000100111011110
In base 7, what is -152652216 - 0?
-152652216
In base 4, what is 11120331 - 233333?
10220332
In base 15, what is 25 - 1d53e?
-1d519
In base 5, what is -103220 + -1332242?
-1441012
In base 12, what is -5 - -6100542?
6100539
In base 5, what is -1441204 - -240141?
-1201013
In base 6, what is 3354 + 151453?
155251
In base 7, what is -5 + -14055422?
-14055430
In base 3, what is -110021010021201 + 0?
-110021010021201
In base 11, what is -1133 - -56510?
55388
In base 10, what is -3 + -7892681?
-7892684
In base 7, what is -36042244 + 406?
-36041535
In base 5, what is 3342210 - -303024?
4200234
In base 5, what is -3 - -3010014334?
3010014331
In base 10, what is 0 - -25505?
25505
In base 14, what is -3 - -2bba99?
2bba96
In base 15, what is 15e0cd - -19?
15e0e7
In base 4, what is 0 - -13312320032?
13312320032
In base 14, what is 1691 + 475?
1b26
In base 4, what is 3 - 1130133310322?
-1130133310313
In base 6, what is 3 - -10110541301?
10110541304
In base 10, what is 5 + -28129652?
-28129647
In base 8, what is 30715 + -2721?
25774
In base 6, what is 33254 - -21032?
54330
In base 14, what is -15 + -12664a?
-126661
In base 9, what is 10 - -206871317?
206871327
In base 15, what is -c3a9 + -1205?
-d5ae
In base 12, what is 457212 - -716?
457928
In base 14, what is 3 + -1739d1d?
-1739d1a
In base 2, what is -111100010100 - 1000111101100?
-10000100000000
In base 6, what is 22 - -1111123401?
1111123423
In base 16, what is 4 + -d37bcb?
-d37bc7
In base 7, what is -13 - -50533?
50520
In base 14, what is -23093 - 66?
-2